{"id":38,"date":"2023-08-23T09:02:35","date_gmt":"2023-08-23T09:02:35","guid":{"rendered":"https:\/\/themejunction.net\/wp\/rafter\/?page_id=38"},"modified":"2025-10-31T01:52:19","modified_gmt":"2025-10-31T01:52:19","slug":"contact","status":"publish","type":"page","link":"https:\/\/noel-couverture-facade.com\/?page_id=38","title":{"rendered":"Contact"},"content":{"rendered":"\t\t<div data-elementor-type=\"wp-page\" data-elementor-id=\"38\" class=\"elementor elementor-38\">\n\t\t\t\t\t\t<section class=\"elementor-section elementor-top-section elementor-element elementor-element-ce2fe34 elementor-section-content-middle elementor-section-boxed elementor-section-height-default elementor-section-height-default\" data-id=\"ce2fe34\" data-element_type=\"section\">\n\t\t\t\t\t\t<div class=\"elementor-container elementor-column-gap-default\">\n\t\t\t\t\t<div class=\"elementor-column elementor-col-50 elementor-top-column elementor-element elementor-element-4e3080b\" data-id=\"4e3080b\" data-element_type=\"column\">\n\t\t\t<div class=\"elementor-widget-wrap elementor-element-populated\">\n\t\t\t\t\t\t<div class=\"elementor-element elementor-element-c46f4a8 elementor-widget elementor-widget-tj-awards\" data-id=\"c46f4a8\" data-element_type=\"widget\" data-widget_type=\"tj-awards.default\">\n\t\t\t\t<div class=\"elementor-widget-container\">\n\t\t\t\t\t\r\n<!-- fan section start -->\r\n<section class=\"fan-wrapper\">\r\n  <div class=\"row align-items-center\">\r\n    <div class=\"col-12\">\r\n      <div class=\"fan-left style-2\">\r\n        <div class=\"section__heading  wow fadeInUp\" data-wow-delay=\"300ms\">\r\n\r\n                      <h4 class=\"section_sub__title\">Certification professionnelle<\/h4>\r\n          \r\n          <h2 class=\"section_title\">Qualit\u00e9 et savoir-faire certifi\u00e9s <\/h2>\r\n                      <p>Contactez-nous d\u00e8s aujourd\u2019hui pour un devis gratuit et personnalis\u00e9, et d\u00e9couvrez comment prot\u00e9ger et valoriser votre toiture ou fa\u00e7ade.<\/p>\r\n                  <\/div>\r\n\r\n                  <div class=\"fan-awards d-flex flex-wrap justify-content-between\">\r\n                            <div class=\"award-item mt-30 wow fadeInUp \" data-wow-delay=\"0.3s\">\r\n                  <a href=\"#\" target=\"\" rel=\"\">\r\n                    <img decoding=\"async\" src=\"\" alt=\"\">\r\n                  <\/a>\r\n                <\/div>\r\n              \r\n          <\/div>\r\n        \r\n      <\/div>\r\n    <\/div>\r\n  <\/div>\r\n<\/section>\r\n<!-- fan section end -->\r\n\r\n\t\t\t\t<\/div>\n\t\t\t\t<\/div>\n\t\t\t\t\t<\/div>\n\t\t<\/div>\n\t\t\t\t<div class=\"elementor-column elementor-col-50 elementor-top-column elementor-element elementor-element-fa2112e\" data-id=\"fa2112e\" data-element_type=\"column\">\n\t\t\t<div class=\"elementor-widget-wrap elementor-element-populated\">\n\t\t\t\t\t\t<div class=\"elementor-element elementor-element-ccd68de elementor-widget elementor-widget-tj-appointment-form\" data-id=\"ccd68de\" data-element_type=\"widget\" data-widget_type=\"tj-appointment-form.default\">\n\t\t\t\t<div class=\"elementor-widget-container\">\n\t\t\t\t\t\r\n<!-- fan section start -->\r\n<div class=\"appointment_form_section\">\r\n  <div class=\"fan-wrapper\">\r\n    <div class=\"tj__frome__widget tj__frome__widget_2 wow fadeInUp \" data-wow-delay=\"0.6s\">\r\n\r\n      <div class=\"tj__frome__head\">\r\n                  <h6 class=\"tj__frome_sub-title\">Contactez-nous<\/h6>\r\n                          <h3 class=\"tj__frome_title\">Demandez un DEVIS GRATUIT<\/h3>\r\n              <\/div>\r\n\r\n              <div class=\"tj__frome__body\">\r\n          \n<div class=\"wpcf7 no-js\" id=\"wpcf7-f603-o1\" lang=\"en-US\" dir=\"ltr\" data-wpcf7-id=\"603\">\n<div class=\"screen-reader-response\"><p role=\"status\" aria-live=\"polite\" aria-atomic=\"true\"><\/p> <ul><\/ul><\/div>\n<form action=\"\/index.php?rest_route=%2Fwp%2Fv2%2Fpages%2F38#wpcf7-f603-o1\" method=\"post\" class=\"wpcf7-form init\" aria-label=\"Contact form\" novalidate=\"novalidate\" data-status=\"init\">\n<fieldset class=\"hidden-fields-container\"><input type=\"hidden\" name=\"_wpcf7\" value=\"603\" \/><input type=\"hidden\" name=\"_wpcf7_version\" value=\"6.1.2\" \/><input type=\"hidden\" name=\"_wpcf7_locale\" value=\"en_US\" \/><input type=\"hidden\" name=\"_wpcf7_unit_tag\" value=\"wpcf7-f603-o1\" \/><input type=\"hidden\" name=\"_wpcf7_container_post\" value=\"0\" \/><input type=\"hidden\" name=\"_wpcf7_posted_data_hash\" value=\"\" \/>\n<\/fieldset>\n<div id=\"inspection3-form\">\n  <div class=\"row\">\n    <div class=\"col-sm-6\">\n      <div class=\"form-group\">\n<span class=\"wpcf7-form-control-wrap\" data-name=\"fname\"><input size=\"40\" maxlength=\"400\" class=\"wpcf7-form-control wpcf7-text wpcf7-validates-as-required form-control\" aria-required=\"true\" aria-invalid=\"false\" placeholder=\"Nom Pr\u00e9nom\" value=\"\" type=\"text\" name=\"fname\" \/><\/span>\n        <i class=\"fa-solid fa-user\"><\/i>\n      <\/div>\n    <\/div>\n    <div class=\"col-sm-6\">\n      <div class=\"form-group\">\n<span class=\"wpcf7-form-control-wrap\" data-name=\"phone\"><input size=\"40\" maxlength=\"400\" class=\"wpcf7-form-control wpcf7-tel wpcf7-validates-as-required wpcf7-text wpcf7-validates-as-tel form-control\" aria-required=\"true\" aria-invalid=\"false\" placeholder=\"T\u00e9l\u00e9phone\" value=\"\" type=\"tel\" name=\"phone\" \/><\/span>\n        <i class=\"fa-solid fa-phone\"><\/i>\n      <\/div>\n    <\/div>\n    <div class=\"col-sm-6\">\n      <div class=\"form-group\">\n<span class=\"wpcf7-form-control-wrap\" data-name=\"email\"><input size=\"40\" maxlength=\"400\" class=\"wpcf7-form-control wpcf7-email wpcf7-validates-as-required wpcf7-text wpcf7-validates-as-email form-control\" aria-required=\"true\" aria-invalid=\"false\" placeholder=\"Email\" value=\"\" type=\"email\" name=\"email\" \/><\/span>\n        <i class=\"fa-solid fa-envelope\"><\/i>\n      <\/div>\n    <\/div>\n    <div class=\"col-sm-6\">\n      <div class=\"form-group\">\n<span class=\"wpcf7-form-control-wrap\" data-name=\"location\"><input size=\"40\" maxlength=\"400\" class=\"wpcf7-form-control wpcf7-text wpcf7-validates-as-required form-control\" aria-required=\"true\" aria-invalid=\"false\" placeholder=\"Adresse\" value=\"\" type=\"text\" name=\"location\" \/><\/span>\n        <i class=\"fa-solid fa-location-dot\"><\/i>\n      <\/div>\n    <\/div>\n    <div class=\"col-12\">\n      <div class=\"form-group\">\n<span class=\"wpcf7-form-control-wrap\" data-name=\"message\"><textarea cols=\"40\" rows=\"10\" maxlength=\"2000\" class=\"wpcf7-form-control wpcf7-textarea wpcf7-validates-as-required form-control\" aria-required=\"true\" aria-invalid=\"false\" placeholder=\"D\u00e9taillez votre besoin\" name=\"message\"><\/textarea><\/span>\n      <\/div>\n    <\/div>\n    <div class=\"col-12\">\n      <div class=\"form-group\">\n<input class=\"wpcf7-form-control wpcf7-submit has-spinner form-control\" type=\"submit\" value=\"Envoyer\" \/>\n      <\/div>\n    <\/div>\n  <\/div>\n<\/div><div class=\"wpcf7-response-output\" aria-hidden=\"true\"><\/div>\n<\/form>\n<\/div>\n        <\/div>\r\n          <\/div>\r\n  <\/div>\r\n<\/div>\r\n<!-- fan section end -->\r\n\r\n\t\t\t\t<\/div>\n\t\t\t\t<\/div>\n\t\t\t\t\t<\/div>\n\t\t<\/div>\n\t\t\t\t\t<\/div>\n\t\t<\/section>\n\t\t\t\t<section class=\"elementor-section elementor-top-section elementor-element elementor-element-2b4d95a elementor-section-boxed elementor-section-height-default elementor-section-height-default\" data-id=\"2b4d95a\" data-element_type=\"section\">\n\t\t\t\t\t\t<div class=\"elementor-container elementor-column-gap-default\">\n\t\t\t\t\t<div class=\"elementor-column elementor-col-33 elementor-top-column elementor-element elementor-element-1d6e869\" data-id=\"1d6e869\" data-element_type=\"column\">\n\t\t\t<div class=\"elementor-widget-wrap elementor-element-populated\">\n\t\t\t\t\t\t<div class=\"elementor-element elementor-element-06ea607 elementor-widget elementor-widget-tj-icon-box\" data-id=\"06ea607\" data-element_type=\"widget\" data-widget_type=\"tj-icon-box.default\">\n\t\t\t\t<div class=\"elementor-widget-container\">\n\t\t\t\t\t<div class=\"tj-single-info wow fadeInUp \" data-wow-delay=\"300ms\">\r\n  <div class=\"tj-info-head\"><\/div>\r\n  <div class=\"tj-body\">\r\n    <div class=\"icon-thumb\">\r\n      <div class=\"icons\">\r\n        <i aria-hidden=\"true\" class=\"tj flaticon-phone-call\"><\/i>      <\/div>\r\n    <\/div>\r\n    <div class=\"content text-center\">\r\n\r\n              <h4 class=\"title\">Appelez-nous<\/h4>\r\n      \r\n                            <a href=\"tel:07 66 43 58 86\">07 66 43 58 86<\/a>\r\n          \r\n          <\/div>\r\n  <\/div>\r\n<\/div>\r\n\r\n\t\t\t\t<\/div>\n\t\t\t\t<\/div>\n\t\t\t\t\t<\/div>\n\t\t<\/div>\n\t\t\t\t<div class=\"elementor-column elementor-col-33 elementor-top-column elementor-element elementor-element-d24d329\" data-id=\"d24d329\" data-element_type=\"column\">\n\t\t\t<div class=\"elementor-widget-wrap elementor-element-populated\">\n\t\t\t\t\t\t<div class=\"elementor-element elementor-element-08d537f elementor-widget elementor-widget-tj-icon-box\" data-id=\"08d537f\" data-element_type=\"widget\" data-widget_type=\"tj-icon-box.default\">\n\t\t\t\t<div class=\"elementor-widget-container\">\n\t\t\t\t\t<div class=\"tj-single-info wow fadeInUp \" data-wow-delay=\"300ms\">\r\n  <div class=\"tj-info-head\"><\/div>\r\n  <div class=\"tj-body\">\r\n    <div class=\"icon-thumb\">\r\n      <div class=\"icons\">\r\n        <svg aria-hidden=\"true\" class=\"e-font-icon-svg e-far-envelope\" viewBox=\"0 0 512 512\" xmlns=\"http:\/\/www.w3.org\/2000\/svg\"><path d=\"M464 64H48C21.49 64 0 85.49 0 112v288c0 26.51 21.49 48 48 48h416c26.51 0 48-21.49 48-48V112c0-26.51-21.49-48-48-48zm0 48v40.805c-22.422 18.259-58.168 46.651-134.587 106.49-16.841 13.247-50.201 45.072-73.413 44.701-23.208.375-56.579-31.459-73.413-44.701C106.18 199.465 70.425 171.067 48 152.805V112h416zM48 400V214.398c22.914 18.251 55.409 43.862 104.938 82.646 21.857 17.205 60.134 55.186 103.062 54.955 42.717.231 80.509-37.199 103.053-54.947 49.528-38.783 82.032-64.401 104.947-82.653V400H48z\"><\/path><\/svg>      <\/div>\r\n    <\/div>\r\n    <div class=\"content text-center\">\r\n\r\n              <h4 class=\"title\">Email<\/h4>\r\n      \r\n                            <a href=\"mailto:noeljonathan51@gmail.com\">noeljonathan51@gmail.com<\/a>\r\n          \r\n          <\/div>\r\n  <\/div>\r\n<\/div>\r\n\r\n\t\t\t\t<\/div>\n\t\t\t\t<\/div>\n\t\t\t\t\t<\/div>\n\t\t<\/div>\n\t\t\t\t<div class=\"elementor-column elementor-col-33 elementor-top-column elementor-element elementor-element-2127fa8\" data-id=\"2127fa8\" data-element_type=\"column\">\n\t\t\t<div class=\"elementor-widget-wrap elementor-element-populated\">\n\t\t\t\t\t\t<div class=\"elementor-element elementor-element-8feab62 elementor-widget elementor-widget-tj-icon-box\" data-id=\"8feab62\" data-element_type=\"widget\" data-widget_type=\"tj-icon-box.default\">\n\t\t\t\t<div class=\"elementor-widget-container\">\n\t\t\t\t\t<div class=\"tj-single-info wow fadeInUp \" data-wow-delay=\"300ms\">\r\n  <div class=\"tj-info-head\"><\/div>\r\n  <div class=\"tj-body\">\r\n    <div class=\"icon-thumb\">\r\n      <div class=\"icons\">\r\n        <svg aria-hidden=\"true\" class=\"e-font-icon-svg e-fas-map-marked-alt\" viewBox=\"0 0 576 512\" xmlns=\"http:\/\/www.w3.org\/2000\/svg\"><path d=\"M288 0c-69.59 0-126 56.41-126 126 0 56.26 82.35 158.8 113.9 196.02 6.39 7.54 17.82 7.54 24.2 0C331.65 284.8 414 182.26 414 126 414 56.41 357.59 0 288 0zm0 168c-23.2 0-42-18.8-42-42s18.8-42 42-42 42 18.8 42 42-18.8 42-42 42zM20.12 215.95A32.006 32.006 0 0 0 0 245.66v250.32c0 11.32 11.43 19.06 21.94 14.86L160 448V214.92c-8.84-15.98-16.07-31.54-21.25-46.42L20.12 215.95zM288 359.67c-14.07 0-27.38-6.18-36.51-16.96-19.66-23.2-40.57-49.62-59.49-76.72v182l192 64V266c-18.92 27.09-39.82 53.52-59.49 76.72-9.13 10.77-22.44 16.95-36.51 16.95zm266.06-198.51L416 224v288l139.88-55.95A31.996 31.996 0 0 0 576 426.34V176.02c0-11.32-11.43-19.06-21.94-14.86z\"><\/path><\/svg>      <\/div>\r\n    <\/div>\r\n    <div class=\"content text-center\">\r\n\r\n              <h4 class=\"title\">Adresse<\/h4>\r\n      \r\n                                          <p>7 rue des M\u00e9sanges 51000 Ch\u00e2lons-en-Champagne<\/p>\r\n                      \r\n          <\/div>\r\n  <\/div>\r\n<\/div>\r\n\r\n\t\t\t\t<\/div>\n\t\t\t\t<\/div>\n\t\t\t\t\t<\/div>\n\t\t<\/div>\n\t\t\t\t\t<\/div>\n\t\t<\/section>\n\t\t\t\t<\/div>\n\t\t","protected":false},"excerpt":{"rendered":"<p>Certification professionnelle Qualit\u00e9 et savoir-faire certifi\u00e9s Contactez-nous d\u00e8s aujourd\u2019hui pour un devis gratuit et personnalis\u00e9, et d\u00e9couvrez comment prot\u00e9ger et valoriser votre toiture ou fa\u00e7ade. Contactez-nous Demandez un DEVIS GRATUIT Appelez-nous 07 66 43 58 86 Email noeljonathan51@gmail.com Adresse 7 rue des M\u00e9sanges 51000 Ch\u00e2lons-en-Champagne<\/p>\n","protected":false},"author":1,"featured_media":0,"parent":0,"menu_order":0,"comment_status":"closed","ping_status":"closed","template":"elementor_header_footer","meta":{"_acf_changed":false,"footnotes":""},"class_list":["post-38","page","type-page","status-publish","hentry"],"acf":[],"aioseo_notices":[],"_links":{"self":[{"href":"https:\/\/noel-couverture-facade.com\/index.php?rest_route=\/wp\/v2\/pages\/38","targetHints":{"allow":["GET"]}}],"collection":[{"href":"https:\/\/noel-couverture-facade.com\/index.php?rest_route=\/wp\/v2\/pages"}],"about":[{"href":"https:\/\/noel-couverture-facade.com\/index.php?rest_route=\/wp\/v2\/types\/page"}],"author":[{"embeddable":true,"href":"https:\/\/noel-couverture-facade.com\/index.php?rest_route=\/wp\/v2\/users\/1"}],"replies":[{"embeddable":true,"href":"https:\/\/noel-couverture-facade.com\/index.php?rest_route=%2Fwp%2Fv2%2Fcomments&post=38"}],"version-history":[{"count":16,"href":"https:\/\/noel-couverture-facade.com\/index.php?rest_route=\/wp\/v2\/pages\/38\/revisions"}],"predecessor-version":[{"id":2418,"href":"https:\/\/noel-couverture-facade.com\/index.php?rest_route=\/wp\/v2\/pages\/38\/revisions\/2418"}],"wp:attachment":[{"href":"https:\/\/noel-couverture-facade.com\/index.php?rest_route=%2Fwp%2Fv2%2Fmedia&parent=38"}],"curies":[{"name":"wp","href":"https:\/\/api.w.org\/{rel}","templated":true}]}}